7. What is the units digit of j?
5
Suppose 3*c = j + 347, -2*c + 4*j + 344 = c. What is the units digit of c?
6
Let n(v) = v + 3. Let i = 8 + 1. What is the tens digit of n(i)?
1
Suppose -34 = -2*p - k, 15 = 3*p + 2*k - 34. Suppose -13*d = -12*d - p. What is the tens digit of d?
1
Let t(z) = z**2 - 2*z + 3. Let n be t(2). Let k = n - -15. Let a = k + -9. What is the units digit of a?
9
What is the units digit of (-57)/(-6) - (-6)/4?
1
Suppose 5*g - 4 = -3*x + 10, -4*x + 8 = 4*g. Let y be (-6)/(-3)*4*3. Suppose 0 = g*f - y - 4. What is the units digit of f?
7
Let a = -6 + 12. Suppose a = -4*q + 30. What is the units digit of q?
6
Let d = -9 - -11. Suppose -d*j = -5*j + 15. What is the units digit of j?
5
What is the units digit of (-3773)/35*-1 + 1/5?
8
Let b(l) = -l**2 + 17*l - 1. What is the units digit of b(5)?
9
Let l(c) = -c**2 + 6*c + 5. Suppose 3*d = 2*d. Suppose -2*v + 12 = -d*v. What is the units digit of l(v)?
5
Suppose -2*h + h = 3. Let y(w) = -w**3 - 2*w**2 - 3*w - 1. Let a be y(h). Let u = a - 10. What is the units digit of u?
7
Let f = -7 - -9. Suppose -a - a + f = 0. What is the units digit of a?
1
Let n = -450 - -707. What is the units digit of n?
7
Let k(v) = 7*v. Let z be k(6). Let g = -72 + z. What is the units digit of (-4)/8 + g/(-4)?
7
Suppose -2*n + 4 = -0. Suppose n*b = -2, 2*d - 2*b = 3*d + 1. What is the units digit of d?
1
Let b(u) = -u + 13. Let j be b(0). Let c be j + 2 + -1 + -2. Let v = -2 + c. What is the units digit of v?
0
What is the tens digit of -2*(-2 - (-4 - -52))?
0
Suppose 5*p - 4*a = -2 + 13, -2*a + 2 = 0. Suppose -5*m - 80 = -5*o, -83 = -p*o - 2*o + 4*m. What is the units digit of o?
9
Let c(x) = -5*x - 8. Suppose -j + 6 = -2*j. Let o be c(j). Suppose 5*g + 3*i - 64 = 0, 0 = 5*g + 5*i - o - 48. What is the tens digit of g?
1
Suppose 0*q - 23 = -3*x - q, -3*x + 5*q + 29 = 0. What is the units digit of x?
8
Let w(t) = -3 + 15*t**2 - 6*t**2 + 1 + 4*t - 5*t. What is the units digit of w(2)?
2
Let c(b) = 2 - 3 + b**2 - 1 + 3*b - 1. What is the units digit of c(2)?
7
Let d(h) = -47*h**3 - 1. What is the units digit of d(-1)?
6
Let x(a) be the first derivative of a**3/3 - 9*a**2/2 + 8*a + 2. Let h be x(8). Suppose -5*s + 11 + 24 = h. What is the units digit of s?
7
Let a be (3/(-3) - -3) + 1. Suppose c + a*c - 20 = 0. What is the units digit of c?
5
Suppose 5*r - 76 - 24 = 0. What is the tens digit of r?
2
What is the units digit of 40 + (20/(-5))/1?
6
Suppose 8 = 3*r - 22. Suppose 2*h - r = 4*o, 5*o = -4*h - 5 + 25. What is the units digit of (-9 + h)*(-2 + 0)?
8
Let n(v) = 11*v**2 + 2*v + 1. Let o(b) = -2*b + 4. Let i(h) = h - 2. Let r(u) = -5*i(u) - 2*o(u). Let z be r(3). What is the tens digit of n(z)?
1
Let b(k) = k**2 + 11*k + 14. Let j be b(-13). Suppose -6*s + s + j = 0. What is the units digit of s?
8
Let t(q) = -q**2 - 6*q - 3. Let l be t(-5). What is the units digit of l/(-11) - 70/(-22)?
3
Suppose 4*x + 40 = 4*t - 0*t, 4*t - 2*x = 36. Let u(l) = l**2 - 10*l - 4. Let v be u(t). Let a = -10 - v. What is the units digit of a?
0
Suppose 11 = 2*c + 5. Let a be (-2 + -1)*2/(-3). Suppose -c*h + 20 = a*h. What is the units digit of h?
4
Let h be (6 - 0) + 0/(-4). Suppose 3*d = h*d - 6. What is the units digit of (-1)/(2/(0 - d))?
1
What is the units digit of (3/6)/((-5)/(-60))?
6
Suppose 0 = 2*o + t - 73 - 79, o = -2*t + 79. Suppose 0 = 5*g - 0*g + o. What is the units digit of (-10)/g - 50/(-6)?
9
Let y(j) be the third derivative of j**4/12 + 5*j**3/6 - 4*j**2. What is the tens digit of y(5)?
1
Let m = 83 - 47. What is the tens digit of m?
3
Let a = -225 - -371. What is the tens digit of a?
4
Suppose 0 = z - 10 - 31. Let x be ((-5)/10)/((-1)/56). Let u = z - x. What is the tens digit of u?
1
Suppose -3*w = 4*q - 2*q + 24, 7 = -q + w. Let s be (0 - -3)*(-12)/q. Suppose s*c - 4*d = 24, 21 = c - 3*d + 7*d. What is the units digit of c?
9
Let k(m) = m**2 + 2*m - 3. Let y be k(-4). Suppose -a = -n - 14, 2*a - 58 = -a - y*n. What is the tens digit of a?
1
Suppose 25*k = 26*k - 127. What is the units digit of k?
7
Let r(g) = -g**2 - 12*g. What is the units digit of r(-6)?
6
Let j = 9 - 5. Suppose -u + 0*u + 16 = -s, 0 = -4*u - j*s + 32. What is the units digit of u?
2
Let u = 34 - 28. What is the units digit of u?
6
What is the units digit of 10/(-15)*(-164 - 1)?
0
Suppose -6*k + 2*k + 561 = 5*j, 0 = -4*j - 3*k + 449. What is the hundreds digit of j?
1
Let r be (1/2)/(2/64). Let p = -10 + r. What is the units digit of p?
6
Suppose 0 = 8*h - 9*h + 18. What is the units digit of h?
8
Let k = -1 - -2. Let r = 3 - k. What is the units digit of (r/4)/(5/90)?
9
Suppose 0 = -2*j + 19 + 5. What is the tens digit of j?
1
Suppose 3*s - 286 = -2*w - 119, 5*s + 4*w - 279 = 0. Let q = -38 + s. What is the tens digit of q?
1
Let v = -5 - -7. What is the units digit of v?
2
Let l(n) = n**2 - 7*n + 3. Let t = 2 + 5. Suppose -2*v = -v - t. What is the units digit of l(v)?
3
Suppose 0 = -140*a + 135*a + 1215. What is the tens digit of a?
4
Let o(v) = -v**3 - 11*v**2 - 10*v + 4. Let j be o(-10). Let m be (j/6)/((-4)/(-18)). What is the units digit of 6*(4/m)/4?
2
Suppose -12 = 5*c - 3*y, -5*y = -4*c - 26 + 6. Let g(m) = -2*m**2 + 10*m + c*m**2 + m**2 + 6. What is the units digit of g(10)?
6
Let a(r) = r**2 - r + 4. Suppose -4*i = -5*u - 35, 30 + 4 = 5*i - 3*u. What is the tens digit of a(i)?
2
Let i = 51 + -30. What is the tens digit of i?
2
Let r(q) = -q**3 - 7*q**2 - 1. Let o be r(-7). Suppose 8 = 3*j - l, -5*j + 5*l + 6 = -4. What is the units digit of o/j - (-26)/6?
4
Let k(f) = -f + 6. Let l be k(5). Let q = 4 + l. Suppose 0 = q*w - 32 - 3. What is the units digit of w?
7
Let b = 308 - 173. What is the tens digit of b?
3
Suppose -118 = 5*i - 4*r, -5*i = -4*r + r + 116. What is the units digit of (-2 + 3)*(-3 - i)?
9
Let l(p) be the second derivative of p**5/20 - p**4/6 + p**3/3 - p**2 + 3*p. Let o be l(2). Let b(n) = 5*n - 1. What is the units digit of b(o)?
9
Let y(g) = -g. Let k be y(-5). Suppose 2*z = -5*s + 21, 2*s + 3*s - 5*z = 0. Let o = k - s. What is the units digit of o?
2
Suppose -6*l = -5 - 277. What is the units digit of l?
7
Let q be (-3 + 2)*6/(-2). Let w(a) = -2*a**3 + 2*a**2 + 5*a - 3. Let k be w(q). Let i = -14 - k. What is the units digit of i?
0
Let q(n) be the first derivative of -2*n**2 + 16*n + 7. What is the tens digit of q(-8)?
4
Let v(n) be the second derivative of -n**4/3 + n**3/6 + n**2/2 + n. Let u be v(-1). What is the units digit of u*(-10)/(-8)*-1?
5
Let c = -130 + 190. Suppose 0*q = -5*q + c. What is the units digit of q?
2
Suppose -4*c = -23 - 37. What is the units digit of c?
5
Let k be 105/25 - 2/10. Suppose 2*t - 27 = -3*r, k*r - 7 = 3*t - r. What is the units digit of t?
6
Let j(v) = 2*v + 1. What is the tens digit of j(18)?
3
Let u = 17 - -117. What is the tens digit of u?
3
Let h(m) = m**2 + 6*m + 8. What is the units digit of h(-7)?
5
Suppose -i + 42 = 2. What is the units digit of (i/25)/((-2)/(-10))?
8
Let i(l) be the second derivative of l**3/3 - 13*l**2/2 + 2*l. Let h be i(9). Suppose 2*r + 27 = h*r. What is the units digit of r?
9
Let n(c) = 13*c - 13. What is the tens digit of n(4)?
3
Let i = 1 + 0. Suppose -m + 2*t + i = 0, m = -3*m + 3*t + 9. What is the units digit of m?
3
Suppose -3*g + 2*w = -1182, g + 2*w - 778 = -g. What is the units digit of g?
2
Let a be (-1287)/(-36) - (-1)/4. Suppose t = -3*t + a. What is the units digit of t?
9
Suppose -3*n + 2*n = 1. What is the units digit of ((-4)/8)/(n/26)?
3
Suppose -90 = -3*q - 2*q. Let d = q + -13. Suppose -d*t = 5*p - 35, 4*p + 3*t - 4 - 29 = 0. What is the tens digit of p?
1
Let u = 20 + -62. Let m = 62 + u. What is the tens digit of m?
2
Let q(m) = 5*m**2 + 2*m. What is the units digit of q(2)?
4
What is the units digit of (-56)/(-24)*(4 - 1)?
7
Suppose 145 = 10*h - 9*h. What is the hundreds digit of h?
1
Let t = 0 + -3. What is the tens digit of (3 - (3 + t)) + 11?
1
Let o = 4 - 4. Let h = -3 + o. What is the units digit of ((-2)/h)/((-2)/(-33))?
1
Suppose 3*o - 3*w = 9, -2*w - 2*w - 20 = 0. Let v(m) = 0 - 6*m + 4 - 4. What is the units digit of v(o)?
2
Suppose -2*y - f + 4*f = -1, -4*y + f - 3 = 0. Let s(u) = -9*u - 1. What is the units digit of s(y)?
8
Let i = -78 - -176. What is the units digit of i?
8
Let m(t) = -t